{"id":30,"date":"2010-11-06T12:45:02","date_gmt":"2010-11-06T11:45:02","guid":{"rendered":"http:\/\/amatasylt.de\/?page_id=30"},"modified":"2017-12-10T21:58:25","modified_gmt":"2017-12-10T20:58:25","slug":"zimmer","status":"publish","type":"page","link":"https:\/\/amatasylt.de\/?page_id=30","title":{"rendered":"Zimmer"},"content":{"rendered":"<h1 class=\"first\">4 Schlafzimmer und 3 B\u00e4der im Ferienhaus Amata<\/h1>\n<p><strong> 2 B\u00e4der im 1. OG, ein Bad im EG<\/strong><\/p>\n<p><strong> <\/strong><\/p>\n<ul>\n<li>1.OG\u00a0 Das \u201eLeuchtturm-Doppelzimmer\u201c\u00a0mit Doppelbett \u00e0 1.60 x 2.00 m und eigenem, ger\u00e4umigem Bad\u00a0f\u00fcr\u00a02 Personen<\/li>\n<li>1.OG\u00a0 Das \u201eSeestern-Zweier-Zimmer&#8220;; f\u00fcr Kinder geeignet (Betten untereinander geschoben; herausziehbar) 2 Personen<\/li>\n<li>1. OG Das \u201eMuschel-Doppelzimmer\u201c (mit zwei Einer-Betten \u00e0 90 cm x 200 cm \u00a0nebeneinander) f\u00fcr 2 Personen<\/li>\n<li>EG\u00a0\u00a0\u00a0\u00a0 Das &#8222;Oma-Opa-Doppelschlafzimmer&#8220; mit grossem Doppelbett und Waschtisch<\/li>\n<\/ul>\n<p>Die <strong>vier Schlafzimmer<\/strong> und \u00a0<strong>drei B\u00e4der (EG und 1. OG) <\/strong>bieten die ideale M\u00f6glichkeit, einen Urlaub mit drei Generationen und\/oder einem Babysitter zu geniessen und sind\u00a0geeignet \u00a0f\u00fcr Ferienhungrige mit gehobenen Anspr\u00fcchen.<\/p>\n<p>Maximal kann das Haus mit\u00a08\u00a0Personen + Kleinkind bewohnt werden. Kinderbett vorhanden (L\u00e4nge 120 cm vor Ort) W\u00e4sche dazu mietbar. Zudem finden Sie auf Wunsch kostenlos zwei Hochst\u00fchle, Babyphon, Babywanne, WC-Ring, Wickeltisch, Babybett (Bett-W\u00e4sche gegen Geb\u00fchr)<\/p>\n<p><strong> <\/strong><\/p>\n<p><strong> <\/strong><\/p>\n<p><strong> <\/strong><\/p>\n<p><strong> <\/strong><\/p>\n","protected":false},"excerpt":{"rendered":"<p>4 Schlafzimmer und 3 B\u00e4der im Ferienhaus Amata 2 B\u00e4der im 1. OG, ein Bad im EG 1.OG\u00a0 Das \u201eLeuchtturm-Doppelzimmer\u201c\u00a0mit Doppelbett \u00e0 1.60 x 2.00 m und eigenem, ger\u00e4umigem Bad\u00a0f\u00fcr\u00a02 Personen 1.OG\u00a0 Das \u201eSeestern-Zweier-Zimmer&#8220;; f\u00fcr Kinder geeignet (Betten untereinander geschoben; herausziehbar) 2 Personen 1. OG Das \u201eMuschel-Doppelzimmer\u201c (mit zwei Einer-Betten \u00e0 90 cm x 200 [&hellip;]<\/p>\n","protected":false},"author":4,"featured_media":0,"parent":9,"menu_order":10,"comment_status":"open","ping_status":"open","template":"buchung2.php","meta":{"ngg_post_thumbnail":0,"footnotes":""},"_links":{"self":[{"href":"https:\/\/amatasylt.de\/index.php?rest_route=\/wp\/v2\/pages\/30"}],"collection":[{"href":"https:\/\/amatasylt.de\/index.php?rest_route=\/wp\/v2\/pages"}],"about":[{"href":"https:\/\/amatasylt.de\/index.php?rest_route=\/wp\/v2\/types\/page"}],"author":[{"embeddable":true,"href":"https:\/\/amatasylt.de\/index.php?rest_route=\/wp\/v2\/users\/4"}],"replies":[{"embeddable":true,"href":"https:\/\/amatasylt.de\/index.php?rest_route=%2Fwp%2Fv2%2Fcomments&post=30"}],"version-history":[{"count":0,"href":"https:\/\/amatasylt.de\/index.php?rest_route=\/wp\/v2\/pages\/30\/revisions"}],"up":[{"embeddable":true,"href":"https:\/\/amatasylt.de\/index.php?rest_route=\/wp\/v2\/pages\/9"}],"wp:attachment":[{"href":"https:\/\/amatasylt.de\/index.php?rest_route=%2Fwp%2Fv2%2Fmedia&parent=30"}],"curies":[{"name":"wp","href":"https:\/\/api.w.org\/{rel}","templated":true}]}}