{"id":17,"date":"2010-10-31T10:05:41","date_gmt":"2010-10-31T09:05:41","guid":{"rendered":"http:\/\/amatasylt.de\/?page_id=17"},"modified":"2023-05-18T16:09:20","modified_gmt":"2023-05-18T14:09:20","slug":"anreise","status":"publish","type":"page","link":"https:\/\/amatasylt.de\/?page_id=17","title":{"rendered":"Anreise per Autonachtzug , Personennachtzug, Flugzeug"},"content":{"rendered":"<h1><span style=\"color: #ff0000;\">Fliegen<\/span><br \/>\n<span style=\"font-size: 12pt;\"><a href=\"https:\/\/www.flughafen-sylt.de\/\">https:\/\/www.flughafen-sylt.de\/ <\/a><\/span><\/h1>\n<p><span style=\"font-size: medium; color: #000000;\">Mit dem Flugzeug:\u00a0 SWISS<\/span><\/p>\n<p>Z\u00fcrich-Westerland: Direktfl\u00fcge 90 Minuten<\/p>\n<table class=\"jmjoTe\" style=\"height: 5px;\" width=\"13\" cellspacing=\"0\" cellpadding=\"0\">\n<tbody>\n<tr class=\"mslg\">\n<td class=\"cIkxbf\" style=\"width: 9px;\">\n<div class=\"usJj9c\">\n<div class=\"zz3gNc\"><\/div>\n<\/div>\n<\/td>\n<\/tr>\n<tr>\n<td class=\"H3TZoe\" style=\"width: 9px;\" colspan=\"2\"><\/td>\n<\/tr>\n<\/tbody>\n<\/table>\n<p><strong><span style=\"color: #000000;\">Von Basel-L\u00f6rrach nach Hamburg Altona mit dem<br \/>\n<\/span><span style=\"color: #000000;\">AutoReiseZug-BTE-BahnTouristikExpress<\/span><\/strong><\/p>\n<p>Dies ist ein deutsches Privatunternehmen, welches von Basel-L\u00f6rrach nach Hamburg-Altona mit dem Nacht-Autozug f\u00e4hrt. Der Autonachtzug verf\u00fcgt \u00fcber Schlafwagen- und Liegewagen. Hunde sind willkommen (eigenes Abteil mieten).<br \/>\n<span style=\"font-size: 14pt;\"><a href=\"https:\/\/www.rdc-deutschland.de\/autoreisezug\">https:\/\/www.rdc-deutschland.de\/autoreisezug<\/a><\/span><br \/>\n<span style=\"font-size: 14pt;\">\u00a0<\/span><\/p>\n<p><span style=\"font-size: 14pt;\">Hindenburger-Damm vom Festland auf die Insel mit dem Sylt-shuttle Verlad ab Nieb\u00fcll:\u00a0<a href=\"https:\/\/www.syltshuttle.de\/syltshuttle-de\">https:\/\/www.syltshuttle.de\/syltshuttle-de<\/a><\/span><\/p>\n<p><span style=\"font-size: 14pt; color: #008000;\"><span style=\"color: #000000;\">F\u00e4hre vom Festland D\u00e4nemark (Halbinsel Romoe) nach Sylt:\u00a0<\/span><br \/>\n<a href=\"https:\/\/www.frs-syltfaehre.de\/\">https:\/\/www.frs-syltfaehre.de\/<\/a><\/span><\/p>\n<p class=\"first\"><span style=\"font-size: 12pt;\"><span style=\"color: #000000;\">Ihre Reise direkt buchen \u00fcber ihre Appartmentvermittlung Familie Clausen <\/span><a href=\"http:\/\/www.listinfo.de\/service-html\">www.listinfo.de\/service.html<\/a><\/span><\/p>\n<p>&nbsp;<\/p>\n<p><span style=\"font-size: 12pt;\"><em><strong>Wie\u00a0komme ich vom\u00a0Flughafen Westerland auf Sylt zum Ferienhaus Amata?<\/strong><\/em><\/span><br \/>\n<span style=\"font-size: 12pt;\"><em><strong>\u00a0Ferienhaus Amata, <\/strong><\/em><em><strong>am K\u00f6nigshafen 14, <\/strong><\/em><em><strong>D-25992\u00a0List auf Sylt \u00a0(dem n\u00f6rdlichsten Dorf der Insel)?<\/strong><\/em><\/span><\/p>\n<ul>\n<li><span style=\"font-size: small;\"><strong><em><span style=\"text-decoration: underline;\">Auto mieten <\/span><\/em><\/strong><\/span><span style=\"font-size: small;\"><strong>(<a href=\"http:\/\/www.syltcar.com\">www.syltcar.com<\/a> oder <span style=\"text-decoration: underline;\"><span>www.europcar.com oder enterprise rent-a-car ) <\/span><\/span>Das Auto steht f\u00fcr Sie abholbereit am Flughafen Sylt;\u00a0bei der Buchung dies w\u00fcnschen.<\/strong><\/span><\/li>\n<li><span style=\"font-size: small;\"><strong>mit Taxi (0049\/(0)4651 5555) zum Bahnhof Westerland (ca. 7 Minuten) und dann mit \u00d6V Bus-Linie 1 ab Bahnhof Westerland (ca. 40 Minuten) bis List Hafen oder List alte Dorfstrasse \/ jetzt zu Fuss 5 Minuten<\/strong><\/span><\/li>\n<\/ul>\n<p><span style=\"font-size: small;\"><strong> Da der Flughafen keine Busstation hat, muss zuerst mit dem Taxi bis zum Bahnhof Westerland gefahren werden. Dort gibt es einen Bus bis nach List. Bei der Station &#8222;alte Bahnhofstrasse&#8220; aussteigen. Nun 3 Minuten zu Fuss zum Ferienhaus Amata.<\/strong><\/span><\/p>\n<p><span style=\"font-size: small;\"><strong>Vom Flughafen Taxi Telefon Nr. (0049\/(0)4651 5555)\u00a0zum\u00a0Bahnhof Westerland\u00a0 fahren (10 Minuten Fahrzeit). Am Bahnhof rechts hinten befindet sich die Bus-Station.<\/strong><\/span><img loading=\"lazy\" decoding=\"async\" class=\"alignright size-full wp-image-44\" title=\"bank\" src=\"http:\/\/amatasylt.de\/wp-content\/uploads\/2010\/10\/bank.png\" alt=\"\" width=\"300\" height=\"96\" \/><\/p>\n","protected":false},"excerpt":{"rendered":"<p>Fliegen https:\/\/www.flughafen-sylt.de\/ Mit dem Flugzeug:\u00a0 SWISS Z\u00fcrich-Westerland: Direktfl\u00fcge 90 Minuten Von Basel-L\u00f6rrach nach Hamburg Altona mit dem AutoReiseZug-BTE-BahnTouristikExpress Dies ist ein deutsches Privatunternehmen, welches von Basel-L\u00f6rrach nach Hamburg-Altona mit dem Nacht-Autozug f\u00e4hrt. Der Autonachtzug verf\u00fcgt \u00fcber Schlafwagen- und Liegewagen. Hunde sind willkommen (eigenes Abteil mieten). https:\/\/www.rdc-deutschland.de\/autoreisezug \u00a0 Hindenburger-Damm vom Festland auf die Insel mit dem [&hellip;]<\/p>\n","protected":false},"author":4,"featured_media":0,"parent":0,"menu_order":30,"comment_status":"open","ping_status":"open","template":"anreise.php","meta":{"ngg_post_thumbnail":0,"footnotes":""},"_links":{"self":[{"href":"https:\/\/amatasylt.de\/index.php?rest_route=\/wp\/v2\/pages\/17"}],"collection":[{"href":"https:\/\/amatasylt.de\/index.php?rest_route=\/wp\/v2\/pages"}],"about":[{"href":"https:\/\/amatasylt.de\/index.php?rest_route=\/wp\/v2\/types\/page"}],"author":[{"embeddable":true,"href":"https:\/\/amatasylt.de\/index.php?rest_route=\/wp\/v2\/users\/4"}],"replies":[{"embeddable":true,"href":"https:\/\/amatasylt.de\/index.php?rest_route=%2Fwp%2Fv2%2Fcomments&post=17"}],"version-history":[{"count":0,"href":"https:\/\/amatasylt.de\/index.php?rest_route=\/wp\/v2\/pages\/17\/revisions"}],"wp:attachment":[{"href":"https:\/\/amatasylt.de\/index.php?rest_route=%2Fwp%2Fv2%2Fmedia&parent=17"}],"curies":[{"name":"wp","href":"https:\/\/api.w.org\/{rel}","templated":true}]}}